 be (-5 - -9) + (-3)/(-1) - -3. Suppose 3*a - d = 2*a. What is the highest common factor of a and 110?
10
Suppose 30 = -30*m + 35*m. Suppose 0 = -d - d + 12. Calculate the highest common factor of m and d.
6
Let d = -1199 + 1253. Calculate the highest common factor of d and 351.
27
Suppose -r - 5*v + 47 = 0, 6*v - 8*v = -2*r + 154. Let c = 2 + -4. Let k be c/(-2) + -1 + 48. Calculate the highest common factor of k and r.
24
Let n = 510 - 498. Let a = 13 + 47. Calculate the greatest common divisor of n and a.
12
Let i be -10 - -7 - -1*18. Suppose -i + 95 = 2*a. What is the greatest common factor of 10 and a?
10
Let y = 261 - 217. What is the greatest common divisor of y and 22?
22
Let i = 865 + -820. What is the highest common factor of 180 and i?
45
Let t = 48 - 38. Suppose -495 = -4*w - 5*h, 0*h - h = -w + 135. What is the greatest common divisor of t and w?
10
Let p(o) = -o**3 - o**2 - 8*o - 6. Suppose -5*x - 4*q = -5, 3*x - 7*q + 2*q = -34. Let c be p(x). What is the greatest common divisor of 48 and c?
12
Suppose 0 = 3*k - 3 + 63. Let u = k - -69. Calculate the greatest common divisor of u and 7.
7
Suppose 39*x - 41*x + 10 = 0. Suppose 32 = z - x*s, 5*z - 3*s - 97 = s. What is the greatest common factor of z and 68?
17
Suppose -5*m = -5*n - 11 + 1, 4*n = -5*m + 1. Let h(l) = 2*l - 28. Let i be h(13). Let z be 29 + ((-2)/m)/i. Calculate the highest common divisor of 3 and z.
3
Let y = 6 - 2. Suppose 0 = -y*o - 16 - 0, -18 = -2*c + 2*o. Suppose 369 = c*a - 4*g, -5*a - 2*g + 7*g + 365 = 0. What is the greatest common divisor of 7 and a?
7
Let c = 389 + -199. Calculate the greatest common factor of 10 and c.
10
Let s(i) = 0*i**2 - 2*i + 6 + 6 + i - 2*i**2. Let z be s(0). Calculate the greatest common factor of 36 and z.
12
Let o(z) = -25*z + 19. Let k be o(9). Let p = -120 - k. Suppose 4*h + p = 3*u, -4*u + 170 = -2*h + 62. What is the highest common divisor of u and 13?
13
Suppose 6*m + 23 - 71 = 0. Suppose -5*d - 4*o = -2*d - 11, -2*d - 2*o + m = 0. What is the greatest common factor of d and 45?
5
Let z(q) = 3*q**2 - 2. Let a = 62 + -63. Let m be z(a). Let f be (-3)/((45/6)/(-5)). What is the greatest common divisor of m and f?
1
Suppose 3*x - 1 = 11. Let h be 7 + -9 + (4 - (-4)/1). What is the greatest common divisor of h and x?
2
Let o(j) = 3*j**2 - 26*j - 49. Let f(m) = -m**2 + 13*m + 25. Let q(u) = -5*f(u) - 2*o(u). Let g be q(-9). Calculate the greatest common divisor of g and 45.
9
Let g be (2 + 0)*(-1 - -3). Let l = 304 - 284. What is the highest common divisor of l and g?
4
Let k = -28 + 40. What is the highest common factor of 54 and k?
6
Suppose -3*x = 29 - 68. Calculate the greatest common divisor of x and 923.
13
Suppose 2*v + 4*w - 12 = v, -2*v + 6 = -w. Suppose -g + 607 = v*z - 0*g, 2*z - 2*g = 316. What is the greatest common divisor of 34 and z?
17
Let i(y) = -y + 65. Let p be i(0). Suppose 0 = -87*f + 100*f - 169. What is the highest common divisor of p and f?
13
Let m(k) = 2*k**2 + 20*k - 14. Let c be m(-11). Suppose 0 = -w - 5*l + 20, c*w - 5*l = 4*w + 5. What is the highest common factor of 15 and w?
5
Suppose 5*f = -2*s + 60, -f = s + 94 - 106. Let h = -432 + 282. Let v be 4*(h/4)/(-5). What is the greatest common divisor of f and v?
6
Suppose 6*v - 283 = 101. What is the highest common divisor of v and 512?
64
Let h = -9 - -11. Let b be 1 - -12*(-1)/h. Let j be (-7 - (1 + b))*-5. What is the greatest common factor of j and 3?
3
Let o(s) = -22*s + 176. Let t be o(-9). Calculate the greatest common factor of 33 and t.
11
Let w be (1/3)/((-5)/45). Let u be 1*6/(5 + w). What is the greatest common factor of u and 2?
1
Suppose 0 = -114*n + 104*n + 260. What is the greatest common factor of 1118 and n?
26
Let r = 163 - 100. Let n(q) = q - 10. Let z be n(13). Let o be z/12 + 81/12. What is the greatest common divisor of r and o?
7
Let n(g) = 2*g + 12. Let f be n(-5). Suppose -120 = -f*p - 2*p. Suppose -5*y + p = -5. Calculate the greatest common divisor of y and 56.
7
Let x = -81 + 93. What is the greatest common factor of x and 108?
12
Let t = 625 + -493. Calculate the highest common factor of 33 and t.
33
Let c(l) be the first derivative of l**3/3 + l**2 + 207*l - 10. Let x be c(0). Calculate the greatest common factor of 23 and x.
23
Suppose 0*g + 4*x - 383 = -5*g, x = 5*g - 398. Let a = 89 - g. What is the greatest common factor of 30 and a?
10
Suppose 0 = 7*f + 3 - 24. Let h = f - -43. What is the greatest common factor of h and 115?
23
Let i(n) = -13*n - 53. Let x be i(-5). Calculate the highest common divisor of 21 and x.
3
Let l(p) = -p**2 + 24*p - 30. Let x(m) = -m**2 + 16*m - 13. Let z be x(14). Let t be l(z). What is the greatest common divisor of t and 15?
15
Suppose -5*n - 3*x = -269, 5*n = 2*x + 232 + 22. Suppose -6*y + 2*y - 4*c = -n, -5*c = -3*y + 47. Calculate the greatest common divisor of 21 and y.
7
Let x(s) = -46*s + 12. Let p be (-5)/15*(18 + -3). Let a be x(p). What is the greatest common divisor of 22 and a?
22
Let v be (-424)/(-20) + (-1)/5. Suppose -v = -4*b - 5. Suppose 2*g - 255 = t, -5*t = b*g - 2*g - 237. What is the greatest common divisor of g and 14?
14
Let g be (1530/75)/(1/15). What is the highest common divisor of 68 and g?
34
Suppose 369 = -4*l - 7. Let z = l + 98. What is the highest common divisor of 28 and z?
4
Let u(o) = 10*o + 249. Let r be u(5). What is the highest common factor of 13 and r?
13
Let k = -56 - -231. Calculate the highest common factor of k and 7.
7
Suppose 5*h - 3904 = -4*s + h, 0 = 2*s + 3*h - 1949. Calculate the highest common factor of 89 and s.
89
Suppose 2*u = 4, 56 = 4*h + 2*u + 2*u. Suppose -48 = -5*t + h. Suppose -2*l = -0*l - 120. What is the highest common divisor of l and t?
12
Let i be (472/(-16))/((33/(-18))/11). What is the highest common divisor of i and 1475?
59
Suppose r - 2*r = 2*q - 15, 0 = -4*r - 2*q + 30. Let k be (-28)/(-10)*(-250)/(-20). Calculate the greatest common factor of k and r.
5
Suppose -6*f + 725 = -f. Let v be 7/(-21) + 1 + 88/3. Let k = f + v. Calculate the greatest common factor of 25 and k.
25
Let i be (-31)/((2 - 2) + -1). Let v = -26 + i. Suppose -57 = -v*n - t, -4*n + 27 = -n - 3*t. What is the highest common divisor of n and 88?
11
Let f(s) = -s**2 - 3*s + 39. Let m be f(-7). Suppose -m = 8*x - 9*x. Calculate the greatest common divisor of x and 187.
11
Let i be (-1248)/(-8 - -4) - 6. Calculate the highest common factor of 18 and i.
18
Let n = 592 - 420. Suppose 0 = -9*r + 2258 + n. Calculate the highest common divisor of r and 30.
30
Let p(a) = -a**2 + 3*a - 1. Let r be p(0). Let t be -1 + (-105)/(-7) + 1*r. What is the greatest common divisor of 117 and t?
13
Let i be (-520)/78*456/(-10). Calculate the greatest common factor of i and 32.
16
Let g = -8 - -8. Suppose 2*v + 0*v = -3*s + 69, -2*v - 5*s + 63 = g. Calculate the greatest common divisor of v and 39.
39
Let o = -7 + 5. Let p(d) = 22*d + 75. Let u be p(-6). Let m be u/(-21) - o/7. Calculate the greatest common factor of 1 and m.
1
Let l = 1030 + -940. What is the highest common divisor of 162 and l?
18
Let d = 217 - 145. Suppose 8*f = -d + 264. Let i(s) = -s**3 - s**2 + s + 16. Let p be i(0). Calculate the greatest common divisor of p and f.
8
Suppose 5*r - 14 = -g + 37, -5*r + 235 = 5*g. Let v = g - 26. What is the highest common factor of v and 30?
10
Suppose i - r - 12 = 0, -5*i + r = 4*r - 76. What is the greatest common factor of i and 28?
14
Let g = 184 + -310. Let a = g - -247. What is the highest common divisor of 11 and a?
11
Suppose -i - 4 = -15. Let j be ((-16 - -7) + 0)/(1/(-11)). Calculate the greatest common factor of i and j.
11
Let s(l) = l**3 + 4*l**2 - 3*l + 14. Let b be s(-5). Let v be 0 + -1 + b + 0. Calculate the greatest common divisor of v and 15.
3
Let y = -51 + 61. Let i be (4/y)/(5/500). Calculate the greatest common divisor of 140 and i.
20
Let i = 3 - 1. Suppose i*b - 1680 = -180. Let p be 2/12 - b/(-36). What is the greatest common divisor of 231 and p?
21
Let p = 91 - 87. What is the highest common divisor of p and 196?
4
Let v be 4*1 - 2/(-4)*0. Suppose -2*r - v*t + 22 = 0, 4*r + 5*t - 37 - 4 = 0. Calculate the highest common divisor of 36 and r.
9
Let u be (-3)/(24/20)*(-12)/15. Suppose u*l + 4*l = 30. What is the highest common divi